(base 15) to base 8.
-107
Convert -11 (base 9) to base 3.
-101
What is 10 (base 5) in base 3?
12
-10 (base 2) to base 4
-2
1 (base 14) to base 7
1
1a0 (base 15) to base 6
1423
-22 (base 7) to base 16
-10
What is -204 (base 6) in base 10?
-76
Convert -4 (base 10) to base 7.
-4
2 (base 11) to base 13
2
-134 (base 11) to base 14
-b4
What is 22 (base 3) in base 15?
8
What is 231 (base 7) in base 3?
11110
-96 (base 12) to base 5
-424
Convert -3 (base 7) to base 3.
-10
111 (base 12) to base 3
12211
What is -113 (base 5) in base 13?
-27
Convert -23 (base 10) to base 4.
-113
What is 5 (base 6) in base 14?
5
152 (base 8) to base 10
106
0 (base 2) to base 11
0
What is -2 (base 9) in base 15?
-2
What is 20 (base 8) in base 4?
100
3 (base 4) to base 8
3
Convert -2 (base 15) to base 12.
-2
What is -14 (base 5) in base 2?
-1001
What is -7 (base 14) in base 8?
-7
What is -10101 (base 2) in base 15?
-16
What is -11 (base 7) in base 14?
-8
-2 (base 14) to base 9
-2
Convert -130 (base 6) to base 8.
-66
What is 32 (base 6) in base 4?
110
What is 2 (base 4) in base 8?
2
What is -a (base 15) in base 16?
-a
What is 1 (base 16) in base 11?
1
What is 59 (base 16) in base 13?
6b
What is 17 (base 8) in base 9?
16
What is 0 (base 14) in base 13?
0
5 (base 7) to base 6
5
-4 (base 13) to base 9
-4
What is 23 (base 15) in base 9?
36
Convert 174 (base 11) to base 7.
406
-25 (base 10) to base 4
-121
What is a6 (base 11) in base 16?
74
Convert 1 (base 3) to base 2.
1
13 (base 9) to base 13
c
Convert 14 (base 15) to base 11.
18
What is -54 (base 6) in base 11?
-31
0 (base 3) to base 14
0
Convert 21 (base 5) to base 13.
b
Convert -30 (base 15) to base 4.
-231
What is -6b (base 15) in base 6?
-245
202 (base 8) to base 5
1010
Convert -a0 (base 11) to base 9.
-132
7 (base 10) to base 14
7
-144 (base 5) to base 12
-41
-3 (base 13) to base 4
-3
2 (base 16) to base 14
2
What is 85 (base 13) in base 15?
74
What is 1 (base 2) in base 12?
1
Convert 101000110 (base 2) to base 8.
506
Convert -156 (base 10) to base 15.
-a6
What is -212 (base 4) in base 8?
-46
-3 (base 14) to base 7
-3
1 (base 8) to base 9
1
Convert -2 (base 9) to base 7.
-2
0 (base 16) to base 7
0
Convert -f (base 16) to base 12.
-13
What is 21 (base 10) in base 15?
16
3201 (base 4) to base 14
121
Convert 1 (base 6) to base 5.
1
What is 221 (base 4) in base 8?
51
What is -223 (base 6) in base 7?
-153
3 (base 9) to base 13
3
Convert 114 (base 12) to base 16.
a0
Convert -18 (base 12) to base 8.
-24
Convert 3 (base 11) to base 16.
3
What is -100 (base 2) in base 12?
-4
What is -10 (base 2) in base 7?
-2
15 (base 7) to base 16
c
1 (base 9) to base 12
1
cc (base 13) to base 6
440
What is 19 (base 12) in base 9?
23
What is 9c (base 16) in base 15?
a6
Convert -20 (base 3) to base 8.
-6
11 (base 2) to base 8
3
11 (base 12) to base 13
10
What is -31 (base 13) in base 5?
-130
What is 1001100 (base 2) in base 7?
136
What is 101 (base 6) in base 12?
31
Convert -108 (base 9) to base 11.
-81
Convert -6c (base 15) to base 12.
-86
157 (base 15) to base 6
1231
411 (base 5) to base 10
106
Convert 58 (base 13) to base 5.
243
1 (base 2) to base 13
1
What is 10100 (base 3) in base 5?
330
Convert 8 (base 10) to base 13.
8
Convert -5 (base 10) to base 15.
-5
Convert b (base 14) to base 8.
13
Convert -2 (base 13) to base 5.
-2
-10111101 (base 2) to base 9
-230
-2 (base 11) to base 14
-2
Convert -267 (base 11) to base 14.
-187
Convert -43 (base 9) to base 16.
-27
What is -1 (base 16) in base 10?
-1
What is -3 (base 11) in base 7?
-3
What is -415 (base 10) in base 2?
-110011111
Convert -1133 (base 5) to base 6.
-440
What is 23 (base 9) in base 2?
10101
-4 (base 7) to base 10
-4
10121 (base 3) to base 5
342
What is 2011 (base 3) in base 7?
112
8 (base 16) to base 12
8
Convert 68 (base 14) to base 7.
161
10001 (base 2) to base 6
25
423 (base 7) to base 3
21220
Convert 3 (base 7) to base 10.
3
What is 124 (base 7) in base 2?
1000011
11001 (base 2) to base 15
1a
Convert 5 (base 6) to base 16.
5
Convert -15b (base 13) to base 9.
-302
-1003 (base 6) to base 5
-1334
Convert 9 (base 15) to base 6.
13
What is -4 (base 15) in base 12?
-4
What is -1 (base 8) in base 7?
-1
26 (base 13) to base 15
22
What is -10 (base 2) in base 12?
-2
26 (base 9) to base 12
20
Convert c (base 14) to base 7.
15
Convert 1a (base 11) to base 12.
19
Convert 1 (base 11) to base 4.
1
1 (base 10) to base 11
1
What is -b (base 13) in base 16?
-b
Convert -a (base 14) to base 10.
-10
What is -1 (base 5) in base 13?
-1
What is 10 (base 7) in base 5?
12
-47 (base 14) to base 8
-77
2 (base 14) to base 10
2
Convert -3 (base 13) to base 4.
-3
What is -5 (base 11) in base 2?
-101
What is 4 (base 8) in base 7?
4
Convert 1 (base 6) to base 13.
1
What is b (base 15) in base 16?
b
What is -2 (base 3) in base 9?
-2
20 (base 14) to base 12
24
What is -2 (base 10) in base 3?
-2
Convert -41 (base 6) to base 2.
-11001
3 (base 7) to base 8
3
-17 (base 14) to base 8
-25
-44 (base 11) to base 9
-53
Convert 0 (base 5) to base 3.
0
Convert 6 (base 11) to base 12.
6
8 (base 13) to base 3
22
What is -37 (base 8) in base 7?
-43
Convert b (base 12) to base 14.
b
Convert 6 (base 12) to base 10.
6
What is 341 (base 8) in base 7?
441
What is 32 (base 4) in base 5?
24
What is 140 (base 5) in base 4?
231
What is -10000 (base 2) in base 14?
-12
Convert -3 (base 14) to base 3.
-10
What is 10001011 (base 2) in base 5?
1024
What is -1 (base 8) in base 12?
-1
What is 11111 (base 2) in base 8?
37
-21201 (base 3) to base 4
-3100
What is -33 (base 7) in base 6?
-40
What is -15 (base 6) in base 13?
-b
What is -4 (base 14) in base 5?
-4
Convert -1 (base 14) to base 8.
-1
Convert -10131 (base 4) to base 9.
-346
1111 (base 3) to base 10
40
What is 2 (base 12) in base 8?
2
-11 (base 8) to base 10
-9
-4 (base 15) to base 4
-10
a6 (base 16) to base 3
20011
Convert 9 (base 11) to base 15.
9
0 (base 2) to base 15
0
Convert 3 (base 6) to base 11.
3
-12 (base 9) to base 3
-102
43 (base 5) to base 4
113
223 (base 8) to base 12
103
What is 10 (base 2) in base 5?
2
Convert 4 (base 8) to base 14.
4
Convert 5 (base 7) to base 11.
5
What is 4b (base 13) in base 4?
333
What is 7 (base 8) in base 13?
7
What is 4 (base 7) in base 12?
4
Convert 1 (base 5) to base 7.
1
5 (base 8) to base 9
5
What is -4 (base 9) in base 15?
-4
2 (base 13) to base 15
2
d (base 14) to base 4
31
What is 202 (base 3) in base 2?
10100
Convert 50 (base 14) to base 8.
106
Convert 3 (base 15) to base 8.
3
What is -322 (base 6) in base 9?
-145
-86 (base 12) to base 9
-123
Convert -2 (base 14) to base 8.
-2
-5d (base 16) to base 15
-63
What is 10 (base 4) in base 8?
4
24 (base 8) to base 11
19
What is -12 (base 3) in base 7?
-5
What is 3 (base 12) in base 9?
3
-4 (base 7) to base 10
-4
-4 (base 9) to base 4
-10
What is -100110 (base 2) in base 12?
-32
46 (base 8) to base 7
53
110111 (base 2) to base 4
313
What is e (base 16) in base 10?
14
What is -56 (base 11) in base 2?
-111101
Convert -1 (base 4) to base 13.
-1
What is -5 (base 6) in base 7?
-5
What is 14 (base 7) in base 16?
b
-6 (base 10) to base 14
-6
What is -231 (base 4) in base 5?
-140
2 (base 5) to base 7
2
3 (base 13) to base 11
3
What is 33 (base 16) in base 12?
43
Convert 1111111 (base 2) to base 4.
1333
1 (base 8) to base 5
1
Convert 3 (base 11) to base 2.
11
-2b (base 12) to base 7
-50
What is -1 (base 16) in base 6?
-1
What is 5 (base 6) in base 15?
5
What is 31 (base 14) in base 16?
2b
14 (base 11) to base 16
f
-4 (base 8) to base 15
-4
What is 37 (base 16) in base 11?
50
Convert -102 (base 4) to base 6.
-30
What is 201 (base 4) in base 7?
45
Convert -61 (base 13) to base 8.
-117
243 (base 5) to base 3
2201
What is 0 (base 9) in base 4?
0
What is -1 (base 11) in base 2?
-1
What is 0 (base 2) in base 10?
0
Convert -3 (base 10) to base 15.
-3
Convert 23 (base 5) to base 15.
d
-13 (base 4) to base 6
-11
What is -2 (base 4) in base 11?
-2
40 (base 12) to base 6
120
Convert 7 (base 15) to base 6.
11
What is 3 (base 4) in base 13?
3
-2 (base 12) to base 7
-2
-15 (base 6) to base 5
-21
Convert -31 (base 12) to base 6.
-101
What is -59 (base 15) in base 5?
-314
1100 (base 2) to base 3
110
111010 (base 2) to base 5
213
What is 7 (base 13) in base 9?
7
Convert 102 (base 5) to base 16.
1b
Convert -49 (base 11) 